the prime factors of 871794?
2, 3, 7, 11, 17, 37
List the prime factors of 385659.
3, 73, 587
What are the prime factors of 4337231?
4337231
What are the prime factors of 226700?
2, 5, 2267
What are the prime factors of 27064252?
2, 349, 19387
What are the prime factors of 311588?
2, 61, 1277
What are the prime factors of 1735504?
2, 31, 3499
List the prime factors of 47277.
3, 17, 103
List the prime factors of 13275404.
2, 1301, 2551
What are the prime factors of 574729?
73, 7873
List the prime factors of 267038.
2, 133519
What are the prime factors of 7935359?
7935359
What are the prime factors of 329518?
2, 7, 23537
What are the prime factors of 5052577?
5052577
What are the prime factors of 23670040?
2, 5, 591751
List the prime factors of 1294941.
3, 17, 25391
What are the prime factors of 713242?
2, 356621
List the prime factors of 37440863.
1699, 22037
List the prime factors of 6181299.
3, 47, 4871
What are the prime factors of 2184851?
181, 12071
What are the prime factors of 940897?
73, 12889
What are the prime factors of 227899?
7, 4651
What are the prime factors of 3811779?
3, 47059
List the prime factors of 2187817.
2187817
List the prime factors of 264223.
163, 1621
What are the prime factors of 6807740?
2, 5, 340387
What are the prime factors of 6188040?
2, 3, 5, 17189
What are the prime factors of 79011?
3, 8779
List the prime factors of 23753181.
3, 23, 344249
What are the prime factors of 186343?
186343
List the prime factors of 595076.
2, 31, 4799
List the prime factors of 27940.
2, 5, 11, 127
What are the prime factors of 2034111?
3, 678037
List the prime factors of 11921606.
2, 5960803
List the prime factors of 526961.
433, 1217
What are the prime factors of 17820005?
5, 7, 19, 127, 211
List the prime factors of 5057171.
7, 23, 101, 311
List the prime factors of 159855.
3, 5, 10657
What are the prime factors of 1246201?
11, 193, 587
What are the prime factors of 2779861?
7, 139, 2857
What are the prime factors of 12432362?
2, 59, 105359
What are the prime factors of 7049907?
3, 783323
What are the prime factors of 1524592?
2, 95287
List the prime factors of 20540779.
7, 457, 6421
List the prime factors of 14146512.
2, 3, 199, 1481
What are the prime factors of 2141298?
2, 3, 337, 353
What are the prime factors of 10873434?
2, 3, 11, 13, 19, 23, 29
What are the prime factors of 141140?
2, 5, 7057
What are the prime factors of 322722?
2, 3, 17929
What are the prime factors of 11893042?
2, 7, 127, 6689
List the prime factors of 198669.
3, 47, 1409
What are the prime factors of 1596007?
7, 41, 67, 83
List the prime factors of 27161890.
2, 5, 7, 31, 12517
What are the prime factors of 1124098?
2, 29, 19381
What are the prime factors of 32982?
2, 3, 23, 239
What are the prime factors of 265556?
2, 197, 337
List the prime factors of 1058429.
439, 2411
What are the prime factors of 1878183?
3, 208687
What are the prime factors of 9798277?
89, 1237
What are the prime factors of 11167966?
2, 137, 40759
List the prime factors of 18699220.
2, 5, 934961
List the prime factors of 22923.
3, 283
List the prime factors of 9506352.
2, 3, 73, 2713
What are the prime factors of 14154125?
5, 113233
What are the prime factors of 558928?
2, 181, 193
List the prime factors of 957454.
2, 478727
List the prime factors of 2016679.
7, 19, 59, 257
List the prime factors of 635867.
635867
What are the prime factors of 4401597?
3, 19, 31, 47, 53
What are the prime factors of 175045?
5, 13, 2693
What are the prime factors of 3769755?
3, 5, 11, 31, 67
What are the prime factors of 238869?
3, 983
What are the prime factors of 5975198?
2, 149, 20051
What are the prime factors of 202890?
2, 3, 5, 6763
What are the prime factors of 15959?
15959
What are the prime factors of 2856491?
11, 259681
List the prime factors of 445628.
2, 37, 3011
List the prime factors of 713976.
2, 3, 71, 419
What are the prime factors of 749746?
2, 229, 1637
List the prime factors of 93943.
37, 2539
What are the prime factors of 255565?
5, 79, 647
List the prime factors of 5108542.
2, 2554271
List the prime factors of 595642.
2, 431, 691
List the prime factors of 684001.
43, 15907
What are the prime factors of 11342?
2, 53, 107
List the prime factors of 11111279.
631, 17609
What are the prime factors of 771638?
2, 7, 55117
List the prime factors of 7109262.
2, 3, 173, 761
List the prime factors of 3265735.
5, 11, 59377
List the prime factors of 1352495.
5, 223, 1213
List the prime factors of 828988.
2, 17, 73, 167
List the prime factors of 86570.
2, 5, 11, 787
What are the prime factors of 10478?
2, 13, 31
What are the prime factors of 2910?
2, 3, 5, 97
What are the prime factors of 815331?
3, 11, 31, 797
What are the prime factors of 36385?
5, 19, 383
What are the prime factors of 263851?
7, 37693
List the prime factors of 5428732.
2, 1357183
List the prime factors of 643986.
2, 3, 7, 19, 269
List the prime factors of 286927.
286927
List the prime factors of 613193.
7, 251, 349
List the prime factors of 1624661.
1624661
What are the prime factors of 756282?
2, 3, 126047
What are the prime factors of 46633?
46633
List the prime factors of 5331527.
43, 123989
What are the prime factors of 19893929?
11, 1808539
List the prime factors of 398545.
5, 7, 59, 193
What are the prime factors of 218739?
3, 17, 4289
What are the prime factors of 686317?
686317
What are the prime factors of 13863942?
2, 3, 17, 45307
What are the prime factors of 924744?
2, 3, 53, 727
What are the prime factors of 19795?
5, 37, 107
What are the prime factors of 1185268?
2, 7, 42331
List the prime factors of 7350639.
3, 23, 106531
List the prime factors of 500363.
500363
What are the prime factors of 60453?
3, 2239
List the prime factors of 452064.
2, 3, 17, 277
List the prime factors of 20256175.
5, 31, 59, 443
List the prime factors of 1363763.
19, 71777
What are the prime factors of 358256?
2, 22391
List the prime factors of 113147.
113147
List the prime factors of 12496921.
17, 735113
List the prime factors of 1773807.
3, 7, 84467
What are the prime factors of 1693964?
2, 19, 31, 719
List the prime factors of 1593091.
131, 12161
List the prime factors of 1039283.
7, 148469
What are the prime factors of 35618088?
2, 3, 11, 134917
List the prime factors of 268828.
2, 7, 9601
What are the prime factors of 308750?
2, 5, 13, 19
List the prime factors of 17322237.
3, 1924693
List the prime factors of 347325.
3, 5, 11, 421
What are the prime factors of 26566248?
2, 3, 1106927
List the prime factors of 551389.
43, 12823
List the prime factors of 424026.
2, 3, 23557
List the prime factors of 16119828.
2, 3, 19, 23567
List the prime factors of 2519825.
5, 7, 11, 17
List the prime factors of 5219034.
2, 3, 17, 19, 2693
What are the prime factors of 4893385?
5, 7, 19973
List the prime factors of 1229270.
2, 5, 7, 17, 1033
What are the prime factors of 1686493?
31, 54403
List the prime factors of 312529.
7, 44647
List the prime factors of 134500.
2, 5, 269
List the prime factors of 24630339.
3, 67, 283, 433
List the prime factors of 5899020.
2, 3, 5, 98317
What are the prime factors of 1700581?
137, 12413
List the prime factors of 10267291.
47, 218453
What are the prime factors of 8100879?
3, 601, 4493
What are the prime factors of 237836?
2, 37, 1607
What are the prime factors of 3137929?
479, 6551
What are the prime factors of 10442047?
7, 11, 19373
List the prime factors of 194531.
17, 11443
What are the prime factors of 1499866?
2, 397, 1889
List the prime factors of 11649697.
11649697
List the prime factors of 323603.
7, 46229
List the prime factors of 13787512.
2, 263, 6553
What are the prime factors of 180188?
2, 107, 421
List the prime factors of 9449524.
2, 7, 349, 967
What are the prime factors of 10472524?
2, 271, 9661
What are the prime factors of 4040724?
2, 3, 336727
What are the prime factors of 495324?
2, 3, 13759
List the prime factors of 151385.
5, 13, 17, 137
What are the prime factors of 1326871?
7, 13, 2083
What are the prime factors of 7377530?
2, 5, 737753
List the prime factors of 7285203.
3, 173, 4679
What are the prime factors of 1125300?
2, 3, 5, 11, 31
List the prime factors of 247929.
3, 11, 683
List the prime factors of 27875.
5, 223
What are the prime factors of 31836096?
2, 3, 19, 2909
